ide 61700?
False
Is 3 a factor of 740604?
True
Is 3685612 a multiple of 388?
True
Is 8 a factor of 6004?
False
Is 285611 a multiple of 13?
False
Does 351 divide 13010166?
True
Does 252 divide 3276?
True
Is 11 a factor of 7602888?
False
Is 655672 a multiple of 48?
False
Is 1133226 a multiple of 157?
True
Does 190 divide 7444960?
True
Is 22 a factor of 322586?
True
Is 604 a factor of 244940?
False
Is 11618663 a multiple of 11?
False
Is 23 a factor of 31953?
False
Is 42 a factor of 174468?
True
Is 50 a factor of 3207400?
True
Is 36 a factor of 168696?
True
Is 101 a factor of 3686076?
False
Does 321 divide 396435?
True
Is 3 a factor of 443440?
False
Does 103 divide 199177?
False
Is 960080 a multiple of 880?
True
Is 141 a factor of 950832?
False
Is 101 a factor of 2932787?
False
Is 593060 a multiple of 52?
True
Does 30 divide 61920?
True
Is 9 a factor of 19409669?
False
Is 7 a factor of 12015990?
True
Is 11742882 a multiple of 263?
False
Does 102 divide 4561746?
True
Is 11 a factor of 75031?
True
Does 11 divide 268898?
False
Does 4 divide 344229?
False
Does 21 divide 362313?
True
Is 837072 a multiple of 9?
True
Does 27 divide 1816829?
False
Does 401 divide 57140?
False
Is 342342 a multiple of 133?
True
Is 29 a factor of 6090427?
False
Is 102 a factor of 1676805?
False
Is 131 a factor of 73491?
True
Does 39 divide 41462?
False
Is 1946 a factor of 10516501?
False
Is 506 a factor of 3931114?
True
Does 218 divide 629584?
True
Is 13 a factor of 2452593?
True
Is 102 a factor of 4080?
True
Is 687 a factor of 1649759?
False
Is 1056669 a multiple of 12?
False
Is 714666 a multiple of 114?
True
Is 119 a factor of 1105748?
True
Is 2174605 a multiple of 11?
False
Does 263 divide 131725?
False
Is 857115 a multiple of 45?
True
Is 431 a factor of 389274?
False
Does 7 divide 8205?
False
Does 56 divide 132944?
True
Is 174 a factor of 4973268?
True
Is 133838 a multiple of 208?
False
Is 12 a factor of 395036?
False
Does 76 divide 11184804?
False
Is 7 a factor of 731409?
True
Is 2804833 a multiple of 8?
False
Is 2732136 a multiple of 44?
True
Is 1718 a factor of 740458?
True
Does 15 divide 243314?
False
Is 29400 a multiple of 30?
True
Is 221 a factor of 32691?
False
Does 309 divide 18886093?
False
Is 140 a factor of 21280?
True
Does 46 divide 136666?
True
Is 17 a factor of 473093?
True
Is 394800 a multiple of 14?
True
Is 72332 a multiple of 38?
False
Does 18 divide 7793864?
False
Is 65 a factor of 217880?
True
Does 221 divide 512853?
False
Is 114 a factor of 595194?
True
Is 60 a factor of 102060?
True
Does 199 divide 251475?
False
Is 2924484 a multiple of 684?
False
Is 4957037 a multiple of 12?
False
Is 176934 a multiple of 13?
False
Does 114 divide 113866?
False
Is 236 a factor of 6134820?
True
Is 18047472 a multiple of 408?
True
Is 5 a factor of 31975?
True
Is 20 a factor of 198462?
False
Is 65 a factor of 803670?
False
Is 57 a factor of 4446?
True
Does 347 divide 122847?
False
Is 930 a factor of 11958971?
False
Does 216 divide 365040?
True
Is 275 a factor of 547969?
False
Is 8004 a multiple of 51?
False
Is 488338 a multiple of 388?
False
Is 123 a factor of 144279?
True
Is 249156 a multiple of 27?
True
Does 27 divide 3005975?
False
Does 279 divide 4092045?
False
Is 71 a factor of 3228725?
True
Is 492723 a multiple of 553?
True
Does 3 divide 304999?
False
Does 204 divide 95889?
False
Does 375 divide 132000?
True
Does 259 divide 1052662?
False
Is 14 a factor of 24833800?
False
Does 105 divide 2008738?
False
Is 386 a factor of 182909?
False
Is 4597560 a multiple of 6?
True
Does 230 divide 409172?
False
Does 980 divide 1242640?
True
Is 13850 a multiple of 23?
False
Is 16174 a multiple of 3?
False
Is 221 a factor of 186524?
True
Is 6519789 a multiple of 43?
True
Is 483444 a multiple of 60?
False
Is 3542997 a multiple of 186?
False
Is 5 a factor of 147731?
False
Does 25 divide 2600763?
False
Is 1376487 a multiple of 9?
True
Is 28 a factor of 181456?
False
Is 3020908 a multiple of 284?
True
Is 419700 a multiple of 10?
True
Does 581 divide 592039?
True
Is 7 a factor of 990483?
False
Is 30870 a multiple of 7?
True
Does 142 divide 295128?
False
Is 5122512 a multiple of 48?
True
Is 1473 a factor of 5940609?
True
Is 54770 a multiple of 199?
False
Does 23 divide 38495?
False
Is 815077 a multiple of 479?
False
Is 11958888 a multiple of 65?
False
Does 105 divide 6408255?
True
Is 1225980 a multiple of 84?
True
Is 402444 a multiple of 3?
True
Does 555 divide 1162725?
True
Does 13 divide 1996839?
True
Is 385299 a multiple of 159?
False
Is 605909 a multiple of 7?
False
Is 65218 a multiple of 57?
False
Is 6945879 a multiple of 11?
False
Is 36779 a multiple of 18?
False
Is 23 a factor of 839339?
True
Does 74 divide 2115112?
False
Is 13202340 a multiple of 15?
True
Is 355073 a multiple of 291?
False
Is 8 a factor of 2299971?
False
Is 49613 a multiple of 3?
False
Does 16 divide 141712?
True
Does 157 divide 240524?
True
Does 5 divide 1660609?
False
Does 10 divide 4519430?
True
Is 270 a factor of 2281245?
False
Is 40 a factor of 877152?
False
Is 125290 a multiple of 32?
False
Is 98 a factor of 7375222?
False
Is 102820 a multiple of 19?
False
Does 134 divide 441798?
True
Is 68 a factor of 19937?
False
Is 707 a factor of 641367?
False
Is 64 a factor of 5762?
False
Is 192 a factor of 6062684?
False
Is 344458 a multiple of 311?
False
Does 285 divide 131163?
False
Is 66487 a multiple of 307?
False
Is 639 a factor of 208797?
False
Is 1459457 a multiple of 30?
False
Is 95 a factor of 503975?
True
Is 492 a factor of 516108?
True
Does 9 divide 226717?
False
Is 5662069 a multiple of 21?
False
Is 1744147 a multiple of 218?
False
Is 13472 a multiple of 2?
True
Is 374421 a multiple of 24?
False
Is 29 a factor of 273818?
True
Is 85692 a multiple of 55?
False
Does 13 divide 118508?
True
Is 52 a factor of 4024696?
True
Is 52 a factor of 739128?
True
Is 35 a factor of 1794065?
True
Does 8 divide 576912?
True
Is 956 a multiple of 4?
True
Does 105 divide 5551642?
False
Is 646 a factor of 1307504?
True
Is 179662 a multiple of 82?
True
Is 10 a factor of 3628035?
False
Does 16 divide 187924?
False
Does 5 divide 783?
False
Does 65 divide 206989?
False
Is 2689980 a multiple of 10?
True
Does 51 divide 406827?
True
Is 102 a factor of 46837?
False
Does 622 divide 2386853?
False
Is 16 a factor of 132048?
True
Does 86 divide 307416?
False
Is 6 a factor of 41096?
False
Does 47 divide 1421277?
False
Is 30 a factor of 3164096?
False
Does 21 divide 15603?
True
Does 12 divide 928164?
True
Does 5 divide 3904?
False
Is 10 a factor of 140940?
True
Does 357 divide 306663?
True
Is 22 a factor of 199914?
True
Does 39 divide 120939?
True
Does 43 divide 3510219?
True
Is 1485828 a multiple of 35?
False
Is 199 a factor of 3114244?
False
Does 12 divide 577744?
False
Is 245 a factor of 2681770?
True
Is 23 a factor of 62698?
True
Does 12 divide 2241216?
True
Does 127 divide 243713?
True
Is 50 a factor of 52864?
False
Does 89 divide 1215439?
False
Does 110 divide 105490?
True
Is 14 a factor of 2066126?
False
Does 61 divide 9219662?
True
Is 6111 a multiple of 21?
True
Is 5171 a multiple of 22?
False
Is 1012546 a multiple of 694?
True
Is 528183 a multiple of 51?
False
Does 63 divide 5409?
False
Does 108 divide 2330647?
False
Is 8 a factor of 655176?
True
Is 17 a factor of 14806824?
False
Does 172 divide 2896996?
True
Does 197 divide 768300?
True
Is 50 a factor of 1312459?
False
Is 13 a factor of 97422?
True
Does 14 divide 1924196?
False
Is 202672 a multiple of 106?
True
Does 27 divide 1431062?
False
Is 25445 a multiple of 7?
True
Does 44 divide 2833095?
False
Does 47 divide 187577?
True
Is 7749250 a multiple of 197?
False
Is 470078 a multiple of 28?
False
Does 1049 divide 14497180?
True
Does 9 divide 6654901?
False
Is 163 a factor of 104972?
True
Is 1123 a multiple of 14?
False
Does 169 divide 7990500?
False
Is 5945612 a multiple of 43?
False
Does 12 divide 32256?
True
Does 268 divide 6575648?
True
Is 50 a factor of 329529?
False
Is 469128 a multiple of 459?
False
Is 414 a factor of 2658236?
False
Is 83692 a multiple of 18?
False
Is 342716 a multiple of 34?
False
Is 14 a factor of 213976?
True
Is 3056360 a multiple of 218?
True
Is 36720 a multiple of 15?
True
Is 22 a factor of 2358686?
True
Is 6 a factor of 10925766?
True
Does 655 divi